c - 20, -3*g - 7 = -4*c. Let j(o) = 451*o**3 - 907*o**3 - o + 455*o**g + 5 - o**2. Calculate j(0).
5
Let y(s) = -2*s**2 + 4*s - 3. Let t be 6*(-10)/8 + (-351)/(-234). Determine y(t).
-99
Let c(z) be the first derivative of 7*z**2/2 - z - 3. Let y = 9452 + -9456. Determine c(y).
-29
Let s(z) be the third derivative of z**6/360 - 3*z**5/40 - 5*z**4/24 - 92*z**3/3 - 14*z**2 - 4. Let m(c) be the first derivative of s(c). Determine m(7).
-19
Suppose -2*x - 23*t + 231 = -28*t, -3*x + 336 = -4*t. Suppose -12*d + x = -0*d. Let r(f) = -f**2 + 8*f + 8. Calculate r(d).
-1
Let m be (-44)/3*-1 - (-8)/(-12). Let f(k) = -k**3 + 15*k**2 - 13*k - 11. Let u be f(m). Let b(i) = -i - 9*i**u - i**2 + 1 - 2 + 10*i**3. Calculate b(0).
-1
Let s = 30 - 26. Let n(w) = 81*w**2 + 4 - w**3 - 3*w + 6*w**2 - 83*w**2. Determine n(s).
-8
Let r(q) = -5*q**2 + 2*q - 1. Let x(p) = 4*p**2 - 2*p + 3. Let c be x(2). Suppose -6*y - 9 = -c. Determine r(y).
-4
Let t = -4 - -7. Let x(c) be the third derivative of -c**5/24 + c**4/6 + 7*c**3 + 25*c**2. Let n(g) be the first derivative of x(g). Determine n(t).
-11
Suppose 45 = 2*h + 7*h. Let l(c) = -2 - 6*c**3 + 5*c**2 - 9*c + 4*c**2 - 3*c**2. Let z(q) = 5*q**3 - 6*q**2 + 8*q + 2. Let a(r) = 4*l(r) + 5*z(r). What is a(h)?
-3
Let q(d) = 2*d - 7. Suppose 23 = 3*f - k, -4*k + 5*k = -f + 9. Let g be (7 - 0/f) + 0. What is q(g)?
7
Let k(s) = 65*s**2 - 34*s + 185. Let q(w) = -23*w**2 + 11*w - 66. Let o(a) = 6*k(a) + 17*q(a). What is o(-14)?
30
Let p = -126 + 125. Let s(q) = -15*q**2 + 26*q + 16*q**2 - 10*q - 14*q. Determine s(p).
-1
Let i(u) be the second derivative of -13*u**4/12 - u**3/6 + 4*u**2 - 45*u. Let r(x) be the first derivative of i(x). Give r(-1).
25
Suppose 4*i + 6 = 7*i. Let j(g) = -38*g**2 - 33*g**2 + i + 76*g**2 + 7*g - g**3. What is j(6)?
8
Suppose 585 = -29*b - 82. Let v(z) = -z**2 - 22*z + 29. Give v(b).
6
Let u(w) = -22*w**2 - 2*w + 1. Let c(m) = -m**3 - 15*m**2 + 33*m - 16. Let t be c(-17). Determine u(t).
-23
Suppose 3*i + 33 = 255. Suppose 4*a + i = 110. Let r(x) = x - 16. What is r(a)?
-7
Let v(i) = i**3 + 2*i**2 - 3*i + 4. Let p be 1 - ((-16)/4 - 0). Suppose -4*y + p*b = 7, 0*b + 3 = -2*y + 3*b. Calculate v(y).
4
Let c(r) = r**2 + 4*r. Suppose 3*g + 2*s = 6*s + 4, -3*s - 5 = -2*g. Determine c(g).
32
Let x = -144 - -66. Let a be x/(-24) + 1/(-4) - -4. Let j(g) = 3 - 71*g + a*g**2 + g**3 + 78*g + 5. Determine j(-6).
2
Let t = 45 - 38. Let w(l) = 0*l - 12 + t + l. Suppose -5*u - 3*i + 10 = 0, 2*u - u + 4*i + 15 = 0. Calculate w(u).
0
Let k(y) be the second derivative of -3*y**5/20 - 19*y**4/12 - 7*y**3/6 - 10*y**2 - 3848*y. Give k(-6).
-14
Let h(s) be the third derivative of 7*s**4/24 - 26*s**3/3 - 16*s**2 + 28*s. What is h(7)?
-3
Let m(l) = l - 12. Let p(w) be the second derivative of w**4/12 + 4*w**3 + 25*w**2/2 + 20*w. Let j be p(-23). Suppose -j*f + 12 + 8 = 0. Give m(f).
-2
Let j(h) be the third derivative of h**5/60 + h**4/8 + 5*h**3/6 - 2*h**2. Let u = 1415 - 932. Let q be 74/(-14) + 138/u. Determine j(q).
15
Let p(w) = -w**3 - 6*w**2 - 6*w - 3. Let l = -59 - -63. Suppose 10 = l*z + 2*u, 3*u + 1 = 5*z - 6. Let i be -4 - (z/(-10) + 66/55). Give p(i).
2
Let k = -1676 - -1670. Let r(j) = -3*j - 26. Give r(k).
-8
Let y(b) be the third derivative of b**8/20160 - b**7/420 - b**6/360 + b**5/20 + b**4/8 - 58*b**2. Let r(c) be the third derivative of y(c). Determine r(12).
-2
Suppose -4*a + 3*b - 31 = 0, -4 - 28 = 2*a + 4*b. Let g be (-2)/a + (-180)/25 + 4. Let u(y) = -y + 2. What is u(g)?
5
Let f(v) = 24*v + 6*v + 6 + 5*v**2 - 33*v - v**3 + 4*v + 7*v. What is f(7)?
-36
Suppose -3*y - 5*r = 3, 0 = -y + 7*r + 9 + 16. Let f(p) = p**3 - 3*p**2 - 2*p - 19. Calculate f(y).
-11
Let n be (10/35*21)/6. Let j(s) = -60*s + 25. Let k(i) = 15*i - 6. Let y(a) = -6*j(a) - 25*k(a). Determine y(n).
-15
Suppose -7*i + 12*i = -5*o + 35, 5*o - 10 = 0. Let h(v) = v**2 - 3*v - 16. Let a be h(i). Let d(n) be the second derivative of -n**3/6 + 5*n. What is d(a)?
6
Let a(f) = f**3 + 31*f**2 - 66*f - 4. Let y be a(-33). Let t(u) = -2*u**3 - 9*u**2 - 6*u - 11. What is t(y)?
-3
Let j(v) be the third derivative of 0 + 2/3*v**3 + 0*v - 20*v**2 + 1/60*v**5 - 5/24*v**4. Suppose -5*x - 9 = 2*l, -5 + 2 = -4*l - 3*x. Give j(l).
-2
Suppose 2*k - 2 = 2*b - 4, 0 = 2*b + 3*k + 3. Suppose b = -u + 4*u - 15. Let r(z) = 5*z + 3*z**2 + 1 - u - 2*z**2 - z. What is r(-4)?
-4
Let b(k) = 5*k - 8. Let l(a) = -20 + 178*a - 3 - 163*a. Let q(w) = 11*b(w) - 4*l(w). Calculate q(4).
-16
Let p(i) = -34*i**2 + 343*i + 2850. Let o(q) = -5*q**2 + 51*q + 407. Let h(x) = 27*o(x) - 4*p(x). Determine h(18).
3
Let g(k) = -k**3 + 3*k**2 - k - 1. Let p = 193 + -195. Determine g(p).
21
Suppose 2*d - 6 = -3*g + 2, 3*d - 2 = -2*g. Let h(j) = -14*j - g + 8*j + 5*j. Let m = -278 + 274. Calculate h(m).
0
Let x(m) = -m**2 + 5*m - 2. Let d be x(0). Let r(w) be the third derivative of -w**4/8 - w**3/3 + 41*w**2. Determine r(d).
4
Suppose g - 2*m + 532 - 557 = 0, m = -4*g + 100. Let h(f) = f**3 - 26*f**2 + 26*f - 16. What is h(g)?
9
Let q(h) = h + 1. Let k(x) = x**2 + 1. Let b be k(-1). Suppose -14 = 5*p - 3*m, -3*p - 16 = -0*m + b*m. Give q(p).
-3
Suppose -3*k + 0 + 30 = -5*q, 0 = -2*q - 4*k - 12. Let n = 1126 + -1124. Let g(j) = -214*j**n - 183*j**2 + 6 - 4*j + 396*j**2. Calculate g(q).
-6
Let y(l) = l**2 + 39*l + 230. Let g be y(-7). Suppose -2*j - 4*a - 6 = -5*j, 3*j = 3*a + g. Let c(v) be the first derivative of 3*v**2/2 - 3*v - 1. Give c(j).
3
Let h(y) = -43*y - 217. Let p = -17493 - -17488. Determine h(p).
-2
Let m(s) = -5*s - 3. Let i be m(-1). Let d(q) = -3*q + q + 0*q - q**3 + 7*q**2 - q**i + 2. Calculate d(4).
26
Suppose 4 = 4*a - o, o - 12 = -2*o. Let c(p) = 21*p**2 - 131*p + 4. Let n(j) = 27*j**2 - 167*j + 5. Let q(l) = -14*c(l) + 11*n(l). Determine q(a).
5
Let b = -7325 + 7326. Let v(y) = -13*y**2 - 6*y + 1. What is v(b)?
-18
Let l be -142*(3/12*-2 - 0). Let u(p) = -30*p**2 - 33*p**2 + l*p**2 - 1. Let a = -6 - -7. Calculate u(a).
7
Let t(g) = -g**2 + 4*g + 2. Let f(p) = p**3 - 11*p**2 - 39*p + 17. Let q be f(13). Let o be (q/(-12))/2 - (-16)/24. Determine t(o).
-19
Let c = 28539 + -28537. Let s(q) = -3*q**3 - 2*q**2 - 7*q + 21. Calculate s(c).
-25
Suppose -5*r - 25 = 4*f - 0*f, 0 = 3*r + 15. Suppose f = 19*p - 14*p. Let o(l) = l**3 + l**2 - 6. Determine o(p).
-6
Let i(h) = 57 + 3041*h + 3042*h - 6081*h. Give i(-26).
5
Let z(f) = -f + 5. Let r be z(0). Suppose r*y = 4*k - 16, -2*k - 3 = -y - 5. Let d(j) = 3*j - 3. Give d(y).
-15
Suppose 0 = -11*z - 1530 + 1453. Let a(d) = 9*d**2 + 66*d + 9. Give a(z).
-12
Let r(o) = -130*o**3 - o**2 - o. Let v be r(-1). Let f(g) = -10 - g**2 - v*g + 127*g + 14. Calculate f(2).
-6
Let c(d) be the second derivative of -d**3/3 - 2*d. Let q = 9 + 21. Suppose -12*v = -q*v - 108. Give c(v).
12
Suppose -46*t - 92 = 64 + 120. Let u(v) be the first derivative of -v**4/4 - 2*v**3 + v**2/2 - 6*v - 2. Calculate u(t).
-12
Let l(k) be the second derivative of -k**5/20 + k**4/3 + k**3/6 - 17901*k + 1. Let j(q) = q**3 - 7*q**2 + 6*q + 5. Let g be j(6). What is l(g)?
-20
Suppose 3 = 3*i + j - 4*j, -5*j = 0. Let n be -13*(-1 - 0)*i. Let a(b) = -b**2 + 14*b - 6. Determine a(n).
7
Let a = 3226 - 3233. Let u(s) = -s - 2*s + s - 7 - s. Calculate u(a).
14
Let d(o) = -8*o - 7. Let t(y) = -y - 1. Let i(z) = 5*d(z) - 35*t(z). Let r be ((-5)/4)/(1/4). What is i(r)?
25
Let t(a) = -4*a**2 - 11*a - 9. Let v = 54 + -55. Let x be ((-10)/15)/(v + 34/30). Let p(r) = -5*r**2 - 11*r - 8. Let k(q) = x*p(q) + 6*t(q). What is k(12)?
-2
Let n(o) = 9*o + 5. Let m(c) = 6*c - 192. Let u(l) = m(l) - 4*n(l). Give u(-7).
-2
Let i(z) be the third derivative of z**6/180 + 3*z**5/40 + z**4/24 - 26*z**3/3 + 87*z**2. Let o(c) be the first derivative of i(c). Give o(-6).
19
Let k(p) = -12*p - p**2 - 6 + 16*p + 2*p**2. Let u be k(-6). Let w(y) = -y + 13. Let o(a) = -2*a + 26. Let d(i) = -3*o(i) + 7*w(i). Give d(u).
7
Let s(o) be the third derivative of o**5/60 - 23*o**4/24 + 58*o**3/3 + 50*o**2 - 4*o. Let x be s(7). Let d(p) = p**3 - 6*p**2 + 6*p + 3. Calculate d(x).
-5
Let g be (-27)/(-5) + (-4)/10. Let q(u) = 39 - 35 + 5*u**2 + 3*u - 12*u**3 + u + 13*u**3 - 2*u**3. Give q(g).
24
Let v(h) be the second derivative of 2*h + 1/6*h**3 - 3/2*h**2 + 0. What is v(4)?
1
Let g(w) = w**3 - 8*w**2 + 7*w + 8.